{"id":29,"date":"2018-08-15T08:59:35","date_gmt":"2018-08-15T06:59:35","guid":{"rendered":"https:\/\/yoga.kaneider.com\/?page_id=29"},"modified":"2026-01-19T19:21:04","modified_gmt":"2026-01-19T18:21:04","slug":"kurse","status":"publish","type":"page","link":"https:\/\/yoga.kaneider.com\/?page_id=29","title":{"rendered":"Kurse"},"content":{"rendered":"\n<p>In Kleingruppen unterrichte ich Hatha Yoga mit Elementen aus Ashtanga Yoga und therapeutischem Yoga.&nbsp;<\/p>\n\n\n\n<p>Erlernte Techniken aus Quilingong werden von mir in den Unterricht eingebaut,<\/p>\n\n\n\n<p>ebenso, &nbsp;Elemente aus dem Yin Yoga- (online Zertifikat erworben)<\/p>\n\n\n\n<p>Auch Meditationen sowie beruhigende Atemtechniken, die das Nervensystem regulieren, werden in meinen Yogastunden vermittelt.<\/p>\n\n\n<p>&nbsp;<\/p>\n<p><!--more--><\/p>\n<p><img loading=\"lazy\" decoding=\"async\" class=\"alignright size-medium wp-image-42\" src=\"https:\/\/yoga.kaneider.com\/wp-content\/uploads\/2018\/08\/yogaraum_300h-300x225.jpg\" alt=\"\" width=\"300\" height=\"225\" srcset=\"https:\/\/yoga.kaneider.com\/wp-content\/uploads\/2018\/08\/yogaraum_300h-300x225.jpg 300w, https:\/\/yoga.kaneider.com\/wp-content\/uploads\/2018\/08\/yogaraum_300h.jpg 400w\" sizes=\"auto, (max-width: 300px) 100vw, 300px\" \/><\/p>\n<p>Der jeweilige Unterricht,<\/p>\n<p>findet in St.-Gerold-Weg 1<\/p>\n<p>6830 Rankweil\/ Brederis<\/p>\n<p>statt.<\/p>\n<p>&nbsp;<\/p>\n<p>&nbsp;<\/p>\n<p><!--more--><\/p>\n<h3>Yogaunterricht im FR\u00dcHJAHR 2026 &#8211; in neuer Frische<\/h3>\n<h5>Hatha Yoga f\u00fcr alle (Einsteiger und Fortgeschrittene)<\/h5>\n<table style=\"height: 77px;\" width=\"675\">\n<tbody>\n<tr>\n<td width=\"120\">\n<h5><small>Beginn<\/small><\/h5>\n<\/td>\n<td width=\"110\">\n<h5><small>Uhrzeit<\/small><\/h5>\n<\/td>\n<td width=\"199\">\n<h5><small>Einheiten<\/small><\/h5>\n<\/td>\n<\/tr>\n<tr>\n<td>21.01.2026<\/td>\n<td>19:30 &#8211; 20:30<\/td>\n<td>10 Einheiten<\/td>\n<\/tr>\n<tr>\n<td style=\"text-align: left;\">\u00a0<\/td>\n<td style=\"text-align: left;\">Mittwochs<\/td>\n<td>\n<p>21.01.26; 28.01.26; 04.02.26; 18.02.26; 25.02.26; 04.03.26 11.03.26 18.03.26; 25.03.26; 01.04.26;\u00a0<\/p>\n<p><span style=\"color: #ff0000;\">Es gibt noch Restpl\u00e4tze!<\/span><\/p>\n<p>&nbsp;<\/p>\n<\/td>\n<\/tr>\n<\/tbody>\n<\/table>\n<p>&nbsp;<\/p>\n<p><!--more--><\/p>\n<h5>Hatha Yoga f\u00fcr Alle (Einsteiger und Fortgeschrittene)<\/h5>\n<table style=\"height: 77px;\" width=\"675\">\n<tbody>\n<tr>\n<td width=\"120\">\n<h5 align=\"left\"><small>Beginn<\/small><\/h5>\n<\/td>\n<td width=\"110\">\n<h5 align=\"left\"><small>Uhrzeit\u00a0<\/small><\/h5>\n<\/td>\n<td width=\"199\">\n<h5 align=\"left\"><small>Einheiten\u00a0<\/small><\/h5>\n<\/td>\n<\/tr>\n<tr>\n<td>22.01.26<\/td>\n<td>19:30 &#8211; 20:30<\/td>\n<td>10 Einheiten<\/td>\n<\/tr>\n<tr>\n<td>\u00a0<\/td>\n<td>Donnerstags<\/td>\n<td>\n<div align=\"left\">22.01.26; 29.01.26; 05.02.26; 19.02.26; 26.02.26; 05.03.26; 12.03.26; 19.03.26; 26.03.26; 02.04.26<\/div>\n<div align=\"left\"><span style=\"color: #ff0000;\">Dieser Kurs ist bereits ausgebucht!<\/span><\/div>\n<\/td>\n<\/tr>\n<\/tbody>\n<\/table>\n<p>&nbsp;<\/p>\n<p><!--more--><\/p>\n\n\n<!--more-->\n\n\n\n<p>Einstieg in laufende Kurse jederzeit,  bei verf\u00fcgbaren Pl\u00e4tzen, m\u00f6glich.<\/p>\n\n\n\n<p>Der Kursbeitrag f\u00fcr 10 Einheiten &nbsp;(\u00e1 60 Minuten) betr\u00e4gt &nbsp;\u20ac 150.-<br><br>F\u00fcr den aktuellen Kurs  kann gerne, nach R\u00fccksprache und fixer Anmeldung, bar bezahlt, oder auf folgendes Konto ( Edith Kaneider- IBAN: AT43 3745 8000 0951 &nbsp;5461 ) \u00fcberwiesen werden.<br><br>Ich freue mich auf DICH und eine inspirierende, kraftvolle Zeit mit Euch allen.<\/p>\n\n\n\n<p>DANKE f\u00fcr Euer Vertrauen. &#8211;<\/p>\n\n\n\n<p>Herzliche Gr\u00fc\u00dfe&nbsp;<br>Edith&nbsp;<\/p>\n\n\n\n<p><\/p>\n\n\n\n<p>Info:<\/p>\n\n\n\n<p>09.02.26 &#8211; 14.02.26     <strong>SEMESTERFERIEN<\/strong><\/p>\n\n\n\n<p>28.03.26 &#8211; 06.04.26     <strong>OSTERFERIEN<\/strong><\/p>\n\n\n\n<p><\/p>\n","protected":false},"excerpt":{"rendered":"<p>In Kleingruppen unterrichte ich Hatha Yoga mit Elementen aus Ashtanga Yoga und therapeutischem Yoga.&nbsp; Erlernte Techniken aus Quilingong werden von mir in den Unterricht eingebaut, ebenso, &nbsp;Elemente aus dem Yin Yoga- (online Zertifikat erworben) Auch Meditationen sowie beruhigende Atemtechniken, die das Nervensystem regulieren, werden in meinen Yogastunden vermittelt. &nbsp;<\/p>\n","protected":false},"author":1,"featured_media":45,"parent":0,"menu_order":0,"comment_status":"closed","ping_status":"closed","template":"","meta":{"footnotes":""},"class_list":["post-29","page","type-page","status-publish","has-post-thumbnail","hentry"],"_links":{"self":[{"href":"https:\/\/yoga.kaneider.com\/index.php?rest_route=\/wp\/v2\/pages\/29","targetHints":{"allow":["GET"]}}],"collection":[{"href":"https:\/\/yoga.kaneider.com\/index.php?rest_route=\/wp\/v2\/pages"}],"about":[{"href":"https:\/\/yoga.kaneider.com\/index.php?rest_route=\/wp\/v2\/types\/page"}],"author":[{"embeddable":true,"href":"https:\/\/yoga.kaneider.com\/index.php?rest_route=\/wp\/v2\/users\/1"}],"replies":[{"embeddable":true,"href":"https:\/\/yoga.kaneider.com\/index.php?rest_route=%2Fwp%2Fv2%2Fcomments&post=29"}],"version-history":[{"count":97,"href":"https:\/\/yoga.kaneider.com\/index.php?rest_route=\/wp\/v2\/pages\/29\/revisions"}],"predecessor-version":[{"id":437,"href":"https:\/\/yoga.kaneider.com\/index.php?rest_route=\/wp\/v2\/pages\/29\/revisions\/437"}],"wp:featuredmedia":[{"embeddable":true,"href":"https:\/\/yoga.kaneider.com\/index.php?rest_route=\/wp\/v2\/media\/45"}],"wp:attachment":[{"href":"https:\/\/yoga.kaneider.com\/index.php?rest_route=%2Fwp%2Fv2%2Fmedia&parent=29"}],"curies":[{"name":"wp","href":"https:\/\/api.w.org\/{rel}","templated":true}]}}